ue
Is 12825310559 a composite number?
False
Is 5297691469 prime?
False
Is 55192181281 a prime number?
False
Is 33172113431 prime?
False
Is 7699311199 prime?
True
Is 154057043027 prime?
False
Is 201021977 composite?
True
Is 1235260261 a composite number?
True
Is 1205367703 a prime number?
True
Is 33881883767 a composite number?
False
Is 752281807 a prime number?
False
Is 33934949441 prime?
True
Is 54872290479 prime?
False
Is 126709378291 a composite number?
False
Is 1025017369 a composite number?
True
Is 85012399939 prime?
True
Is 3474174449 composite?
True
Is 107084641 composite?
False
Is 1958631809 a composite number?
True
Is 196054741 a composite number?
False
Is 757665463 a prime number?
True
Is 523237791593 a composite number?
True
Is 37617373093 a composite number?
True
Is 6003405437 composite?
True
Is 86515901 composite?
True
Is 24366029269 a prime number?
False
Is 706398289 a prime number?
True
Is 28349616487 composite?
True
Is 133209006737 a composite number?
True
Is 288900461 composite?
False
Is 71381869 a prime number?
False
Is 91554359738 a prime number?
False
Is 175182199 prime?
True
Is 5715204441 a prime number?
False
Is 1160867731 a prime number?
True
Is 37469118263 a prime number?
True
Is 1832215085 a prime number?
False
Is 1269912887 composite?
True
Is 1047518107 a composite number?
False
Is 333216187303 a composite number?
False
Is 1453537403 composite?
False
Is 313705319 a prime number?
True
Is 218749633 composite?
True
Is 20651197861 composite?
True
Is 4257353677 a composite number?
False
Is 11554172237 composite?
False
Is 627148923 prime?
False
Is 33806160653 a prime number?
True
Is 6911922071 a prime number?
True
Is 4809051941 composite?
False
Is 1665167687 prime?
True
Is 85709754022 a composite number?
True
Is 86047813 a prime number?
False
Is 135114903727 composite?
False
Is 162342449 prime?
False
Is 6876769363 a composite number?
True
Is 19717833233 a prime number?
False
Is 1569084397 composite?
False
Is 2430858239 a composite number?
True
Is 1749202561 a composite number?
False
Is 1803934883 a composite number?
True
Is 556039639 composite?
False
Is 173736492235 prime?
False
Is 2170143713 a prime number?
False
Is 770454133 a prime number?
True
Is 114643391 a prime number?
True
Is 620746783 a prime number?
True
Is 152196487 prime?
False
Is 2912765914 prime?
False
Is 316676713853 a composite number?
True
Is 8780169427 prime?
False
Is 1326166001 a composite number?
False
Is 171792223 prime?
False
Is 17657524394 a composite number?
True
Is 433113151 a prime number?
False
Is 47385520627 a composite number?
False
Is 106175813 a prime number?
True
Is 23967715309 prime?
True
Is 1932197467 a composite number?
False
Is 5880987667 a prime number?
False
Is 177220111 prime?
True
Is 1413991571 a composite number?
True
Is 330130349 composite?
True
Is 19162340243 a composite number?
True
Is 12103818739 prime?
True
Is 405536977 a composite number?
False
Is 776557573 composite?
True
Is 3491062153 prime?
False
Is 382889327 composite?
False
Is 979113479 composite?
False
Is 3096653239 a prime number?
False
Is 11761853821 a prime number?
True
Is 1890159022 prime?
False
Is 22809299599 a composite number?
True
Is 780881767 a composite number?
False
Is 613154312287 a prime number?
False
Is 927892349 a composite number?
True
Is 85412819599 a prime number?
False
Is 607883329 a composite number?
False
Is 3465674831 a prime number?
True
Is 207161938 a prime number?
False
Is 200607811421 prime?
True
Is 2082842309 a prime number?
False
Is 954931331 composite?
False
Is 292367123 composite?
False
Is 1677024443 a prime number?
False
Is 11734314961 prime?
False
Is 5854693241 composite?
True
Is 3566399407 a prime number?
False
Is 657244141 a composite number?
False
Is 84414528911 a composite number?
True
Is 1407289627 a composite number?
True
Is 64950405233 composite?
True
Is 180338999167 composite?
False
Is 2484452683 a prime number?
False
Is 14862217897 a prime number?
False
Is 2382049781 a prime number?
True
Is 1886566091 composite?
False
Is 4504827463 a prime number?
True
Is 23758871 a prime number?
True
Is 14571199541 a prime number?
False
Is 6978021851 prime?
True
Is 305551633 a composite number?
False
Is 17134153873 prime?
True
Is 129971729 prime?
False
Is 4934043617 composite?
True
Is 84730895813 prime?
True
Is 190497654197 composite?
False
Is 10675433857 a prime number?
False
Is 34625608939 a prime number?
True
Is 397918967 prime?
False
Is 14225838761 prime?
True
Is 44575134463 a composite number?
True
Is 182196680594 a prime number?
False
Is 9393586451 composite?
True
Is 1889304821 composite?
False
Is 8578417613 composite?
False
Is 69781689391 composite?
True
Is 22848134983 composite?
True
Is 50942971609 prime?
False
Is 22044281551 composite?
False
Is 2556671653 composite?
False
Is 1126300919 composite?
True
Is 26027582729 composite?
False
Is 698741791 prime?
False
Is 4014360281 a composite number?
False
Is 1340193931 a composite number?
True
Is 379263481 a composite number?
False
Is 257447026 a prime number?
False
Is 23724499279 prime?
False
Is 6758096869 a prime number?
True
Is 28143332219 prime?
True
Is 6087514577 a prime number?
False
Is 32747328307 prime?
False
Is 114610711493 composite?
False
Is 143128203 composite?
True
Is 689222867 prime?
True
Is 256502591 composite?
True
Is 9327857999 a composite number?
False
Is 1183921169 composite?
True
Is 13731959537 a prime number?
False
Is 979032751 a composite number?
False
Is 31596446429 prime?
True
Is 2874919503 prime?
False
Is 5994129887 a prime number?
True
Is 46580022506 prime?
False
Is 11247831157 prime?
False
Is 46104844607 a prime number?
True
Is 50186449 a composite number?
True
Is 21940510367 a composite number?
True
Is 448542593 a composite number?
False
Is 60508174547 composite?
True
Is 2017897871 a composite number?
True
Is 12584759023 prime?
True
Is 6309125553 prime?
False
Is 8646834037 a prime number?
True
Is 87662507 a composite number?
False
Is 5323399597 a prime number?
True
Is 6186215381 composite?
True
Is 3334703711 composite?
True
Is 4084402961 a prime number?
False
Is 505671157 composite?
True
Is 27442803977 prime?
True
Is 1461570433 composite?
True
Is 3947629741 prime?
False
Is 1792091573 a composite number?
False
Is 9514195309 a prime number?
True
Is 1640567387 a composite number?
False
Is 2887103573 a composite number?
True
Is 170181281 prime?
True
Is 3977349821 a composite number?
True
Is 813109049 prime?
False
Is 22884471431 composite?
True
Is 22649684011 composite?
False
Is 38948481449 a composite number?
True
Is 600766913 prime?
True
Is 42156948265 a prime number?
False
Is 45165447683 a prime number?
True
Is 1042658203 a composite number?
False
Is 397219919 prime?
False
Is 42106342151 prime?
True
Is 386661589 a composite number?
True
Is 1033711013 a composite number?
True
Is 565575371 a composite number?
True
Is 3171537097 composite?
True
Is 8390846059 composite?
False
Is 18167184587 composite?
True
Is 57682008751 prime?
False
Is 526871077 a prime number?
False
Is 1619298991 a prime number?
False
Is 51461324437 composite?
True
Is 3370278571 composite?
True
Is 90825795083 a composite number?
False
Is 9145419203 a composite number?
False
Is 6637935049 prime?
True
Is 541688051 a prime number?
False
Is 65561450887 a composite number?
True
Is 120938273 a composite number?
True
Is 11787757097 a prime number?
False
Is 15972384673 composite?
True
Is 6758727461 a composite number?
False
Is 21014899313 composite?
True
Is 365535221 prime?
True
Is 18055957573 prime?
True
Is 243113621 composite?
False
Is 3064168559 prime?
True
Is 3701036117 a prime number?
True
Is 14839591 a prime number?
False
Is 7214204989 prime?
False
Is 4164114853 a prime number?
False
Is 620300397 prime?
False
Is 292092923 a composite number?
False
Is 4327296173 a prime number?
False
Is 11632162543 a prime number?
False
Is 97554731 a prime number?
True
Is 210568823 composite?
False
Is 2091614893 composite?
True
Is 96455819959 prime?
True
Is 315917577247 composite?
False
Is 452690519 prime?
True
Is 1703513501 prime?
True
Is 78426816751 a prime number?
True
Is 5472001697 composite?
False
Is 2729108147 composite?
True
Is 39365190083 prime?
True
Is 16182354187 a composite number?
False
Is 171719833 a composi